10362412
In base 9, what is 2310686 - -1425?
2312222
In base 5, what is 20121 - -123340?
144011
In base 6, what is -132 - 110215?
-110351
In base 2, what is 10111111101000 - 1110111?
10111101110001
In base 10, what is -16 + 12078707?
12078691
In base 14, what is 1b8 + 95b8?
9792
In base 9, what is 145547 + -134?
145413
In base 8, what is 50044236 + -4?
50044232
In base 8, what is -46705 + 3527?
-43156
In base 10, what is 12033 - -2658?
14691
In base 6, what is -4 - -205150005?
205150001
In base 13, what is -7473b - -55?
-746b6
In base 15, what is -5 + 85239?
85234
In base 3, what is 1001202 - -2000222211?
2002001120
In base 3, what is 12 - 10210021122121?
-10210021122102
In base 10, what is 2670 + 195446?
198116
In base 10, what is 50 - 2836180?
-2836130
In base 14, what is b3 - -10538b?
105460
In base 11, what is 15 + -61456?
-61441
In base 3, what is 2121220221002 + 202?
2121220221211
In base 8, what is 236765 + -2746?
234017
In base 4, what is 32 - -313112000300?
313112000332
In base 7, what is 6 - 355022544?
-355022535
In base 16, what is 801a + 5c9?
85e3
In base 4, what is -33023 + -2002?
-101031
In base 2, what is -1 - -1111100101010110111?
1111100101010110110
In base 9, what is -42683 - -3862?
-37721
In base 7, what is 330666535 - 1?
330666534
In base 9, what is 2782 + 1750?
4642
In base 16, what is dc - -369d94?
369e70
In base 10, what is -405015 + 1?
-405014
In base 14, what is -89ca8 - 0?
-89ca8
In base 3, what is 1022002022 + 1222002?
1101001101
In base 2, what is -11111 + -1001000000100010100?
-1001000000100110011
In base 2, what is 100100101110 - 10110111?
100001110111
In base 2, what is 1 + -11000011100000000?
-11000011011111111
In base 13, what is -4 + 572a29?
572a25
In base 3, what is 210120212 - -1021001?
211211220
In base 9, what is 11781530 - -4?
11781534
In base 4, what is 203230320 + 33033?
203330013
In base 15, what is -1 - 91ad11?
-91ad12
In base 2, what is 1 + 1011010000110100101010100?
1011010000110100101010101
In base 3, what is 111 - -101201011221?
101201012102
In base 5, what is -1430114224 + 4?
-1430114220
In base 3, what is 1101022 + -102211220?
-101110121
In base 9, what is 3513 - -3047?
6561
In base 13, what is -4c + -4619b?
-4621a
In base 9, what is -1547862 - -2?
-1547860
In base 6, what is -342433042 + -1?
-342433043
In base 9, what is 2 + 563572147?
563572150
In base 8, what is -3745 + 11004?
5037
In base 5, what is 3 - 1033112100311?
-1033112100303
In base 15, what is 7be0a + -6?
7be04
In base 10, what is 1 - -4777350?
4777351
In base 13, what is 1828b4087 - 0?
1828b4087
In base 2, what is 110101010010011111110010 + -100?
110101010010011111101110
In base 12, what is 1273b - 986?
11975
In base 13, what is 197a5459 - 3?
197a5456
In base 12, what is 6ba39b7 + 22?
6ba3a19
In base 12, what is 19b00889 - 4?
19b00885
In base 8, what is -11 + -35371376?
-35371407
In base 12, what is 21 - -5464b1?
546512
In base 4, what is 330 + -103003210103?
-103003203113
In base 10, what is 306965 - 87?
306878
In base 13, what is 69885c5 + 2a?
6988622
In base 9, what is 62812 + -1273?
61528
In base 3, what is -110001 + -10021011101?
-10021121102
In base 11, what is -65749 + 260?
-65499
In base 8, what is 10323721 + 372?
10324313
In base 4, what is 3 - -10203122102200?
10203122102203
In base 2, what is -11000101 - -100010110111010010101?
100010110110111010000
In base 13, what is -b6b + 167c?
811
In base 14, what is c + 1cd289?
1cd297
In base 16, what is 14 + edd75?
edd89
In base 9, what is 205064 + 338?
205413
In base 16, what is -194 + -f80?
-1114
In base 9, what is -834243 - -156?
-834076
In base 16, what is 77d34 - 3c?
77cf8
In base 15, what is -4 + 4ae33c?
4ae338
In base 9, what is -265287 - 2?
-265300
In base 2, what is 110010110000010 + 11001100111?
110101111101001
In base 8, what is -3775765 - 24?
-3776011
In base 8, what is 44766 + -14467?
30277
In base 13, what is -226 - -49784?
4955b
In base 7, what is -55 + -2335356?
-2335444
In base 13, what is b + -3212597?
-3212589
In base 8, what is -14243 + -4314?
-20557
In base 12, what is 588452b + -5?
5884526
In base 7, what is 33003 + 14202?
50205
In base 4, what is -201030 + 1012?
-200012
In base 6, what is -241224 + -13314?
-254542
In base 10, what is 148 + -6298564?
-6298416
In base 8, what is 6341 + 25512?
34053
In base 11, what is 576a - -644?
6303
In base 2, what is -1101001011011000001000111110 - -100?
-1101001011011000001000111010
In base 11, what is 7142a + -1a0?
7123a
In base 11, what is -1013 - -23998?
22985
In base 16, what is -70d27 + -225?
-70f4c
In base 10, what is 4155154 + 1?
4155155
In base 15, what is -5e2572 - 5?
-5e2577
In base 11, what is -44713 - 69?
-44781
In base 2, what is 100011 - 10110010111001101101?
-10110010111001001010
In base 16, what is 7 - 10eb55e?
-10eb557
In base 4, what is 133310213102 + 23?
133310213131
In base 4, what is -1110 + 3313113101?
3313111331
In base 6, what is -1 - -3140210031?
3140210030
In base 8, what is -234 - 101616?
-102052
In base 10, what is 2102874 + 2?
2102876
In base 8, what is 712063623 + 0?
712063623
In base 6, what is 10253 + 50110?
100403
In base 4, what is 12202202010202 - -11?
12202202010213
In base 6, what is -1335015151 - 3?
-1335015154
In base 6, what is 31 - -500533405?
500533440
In base 10, what is -13383 - 230?
-13613
In base 2, what is -1111001111110001011001001 + -10?
-1111001111110001011001011
In base 14, what is 1 - -738a620?
738a621
In base 10, what is -165 + -89178?
-89343
In base 5, what is 2233040043 - -1400?
2233041443
In base 12, what is 53444016 - 0?
53444016
In base 8, what is -60 - -3163724?
3163644
In base 15, what is 77135 - 3?
77132
In base 13, what is -190b7 - 1844?
-1a92b
In base 8, what is -355 + 4123001?
4122424
In base 4, what is 1311102212 + -1200?
1311101012
In base 7, what is 625122312 - -1?
625122313
In base 3, what is 110001200222000 + -22?
110001200221201
In base 15, what is -2bdbc7d - 1a?
-2bdbc98
In base 8, what is 51 + -22321645?
-22321574
In base 8, what is 7063 + 31371?
40454
In base 8, what is -11037010 + -25?
-11037035
In base 2, what is 1001011111111000100111000100 + 10?
1001011111111000100111000110
In base 2, what is 100011100001000100110101010 - 111?
100011100001000100110100011
In base 4, what is 2101123233201 - -10?
2101123233211
In base 15, what is -3 - -9a17c84?
9a17c81
In base 14, what is 15b4 - -4214?
57c8
In base 2, what is 11100111110111100111 - -1110?
11100111110111110101
In base 13, what is -4 - 432222c6?
-432222ca
In base 13, what is -cc7c53 - 21?
-cc7c74
In base 4, what is -100130131 + 13?
-100130112
In base 6, what is -31432 - -23100?
-4332
In base 6, what is -2440021455 - 11?
-2440021510
In base 8, what is 2652242 + 5?
2652247
In base 16, what is -5 - f38248?
-f3824d
In base 6, what is 123335301 - -24?
123335325
In base 8, what is -7013644 + 34?
-7013610
In base 3, what is 10101 + -120021010021?
-120020222220
In base 16, what is -90380 - 35?
-903b5
In base 13, what is 165971 - 5?
165969
In base 2, what is -10101010110001101100 + -1001110100?
-10101010111011100000
In base 6, what is -435200231 - 13?
-435200244
In base 4, what is -110201302 - 12?
-110201320
In base 8, what is 747573725 + -1?
747573724
In base 13, what is 8aa6 + -7aac?
cc7
In base 6, what is -4443330051 - -13?
-4443330034
In base 11, what is 13355a0 + -3?
1335598
In base 3, what is 1011212010002110 - -21?
1011212010002201
In base 2, what is 100011110001001000100 + -11?
100011110001001000001
In base 3, what is 12 - -11111200012202222?
11111200012210011
In base 10, what is 2489116 + 17?
2489133
In base 3, what is -11110011211 + -22201002?
-11202212220
In base 15, what is -15 + -3931c6a?
-3931c80
In base 12, what is 115775 + -153?
115622
In base 10, what is 5 + 95257832?
95257837
In base 13, what is 42 - 23802?
-23790
In base 8, what is 0 - 1640303?
-1640303
In base 8, what is 61515 - 6570?
52725
In base 4, what is -133010 - 1202120?
-2001130
In base 9, what is 3 - -18231783?
18231786
In base 11, what is -3 + 3a368?
3a365
In base 11, what is 7 + -4627269?
-4627262
In base 13, what is 1 - 977032?
-977031
In base 12, what is -58bb + 54?
-5867
In base 12, what is 3050 - -39ab?
6a3b
In base 6, what is 54 + 13113111?
13113205
In base 13, what is 0 - -27a1ac12?
27a1ac12
In base 4, what is 10200222